4908112?
True
Is 9303576 a multiple of 1584?
False
Is 869661280 a multiple of 562?
True
Does 14 divide 11994178?
True
Is 1084454735 a multiple of 893?
True
Is 10 a factor of 1298311370?
True
Is 110 a factor of 59201225?
False
Does 2895 divide 3304040340?
True
Is 355378 a multiple of 195?
False
Is 20 a factor of 47937280?
True
Does 1899 divide 132062157?
True
Is 85072256 a multiple of 128?
True
Is 8595521 a multiple of 287?
False
Does 541 divide 529737763?
False
Is 51 a factor of 663384132?
True
Does 4225 divide 431989350?
True
Is 685578502 a multiple of 5282?
False
Is 131 a factor of 307325586?
False
Is 37310227 a multiple of 34?
False
Is 3015000 a multiple of 1675?
True
Is 19 a factor of 368398124?
False
Does 887 divide 236215196?
True
Does 128 divide 1249944064?
True
Is 24581190 a multiple of 866?
False
Does 5997 divide 918902319?
True
Does 370 divide 241516390?
True
Is 1675 a factor of 20843700?
True
Is 14 a factor of 300260025?
False
Is 48 a factor of 1717294272?
True
Does 103 divide 103736553?
True
Does 540 divide 33038404?
False
Is 102 a factor of 24199296?
True
Is 41645787 a multiple of 182?
False
Is 29669476 a multiple of 134?
True
Is 19 a factor of 376491179?
False
Is 331764624 a multiple of 19?
True
Does 15 divide 711802518?
False
Is 378908412 a multiple of 186?
True
Is 30983904 a multiple of 2?
True
Does 12 divide 162471695?
False
Does 48 divide 547097610?
False
Is 17 a factor of 1072853?
True
Is 21 a factor of 325398917?
False
Is 16714 a factor of 759868582?
True
Is 12 a factor of 12267540?
True
Is 104 a factor of 233255646?
False
Does 18 divide 17385241?
False
Does 91 divide 2271978841?
False
Does 215 divide 8485190?
True
Does 465 divide 4236126?
False
Does 16 divide 414126931?
False
Is 966407548 a multiple of 9?
False
Is 114226328 a multiple of 41?
True
Is 97 a factor of 312719455?
False
Does 60 divide 42662421?
False
Is 3843747 a multiple of 261?
True
Does 16 divide 294148112?
True
Does 1163 divide 89142787?
True
Does 29 divide 68467695?
True
Does 42 divide 3005901444?
True
Does 16 divide 2147418368?
True
Is 643924 a multiple of 257?
False
Is 26 a factor of 165849600?
False
Is 136041836 a multiple of 49?
True
Does 6 divide 5167770?
True
Is 326 a factor of 1907042227?
False
Is 213710540 a multiple of 6388?
True
Is 48 a factor of 116354?
False
Does 4188 divide 1456297428?
True
Is 89115690 a multiple of 10?
True
Is 312261978 a multiple of 7?
True
Is 102551507 a multiple of 32?
False
Does 46 divide 150286218?
False
Is 186577834 a multiple of 3?
False
Does 1361 divide 41034422?
False
Is 121716660 a multiple of 860?
True
Is 22 a factor of 831253948?
False
Is 1002296550 a multiple of 8912?
False
Does 44 divide 433377868?
True
Does 7872 divide 93585290?
False
Is 18 a factor of 331337542?
False
Does 15 divide 38240371?
False
Is 108323853 a multiple of 27?
False
Is 1404411665 a multiple of 3215?
True
Does 7 divide 18923709?
True
Is 29012006 a multiple of 58?
True
Is 322186 a multiple of 12?
False
Is 886338 a multiple of 18?
True
Is 8 a factor of 364392?
True
Does 643 divide 45950066?
True
Does 291 divide 25622781?
False
Does 1225 divide 312770675?
True
Is 447 a factor of 87373537?
False
Is 59 a factor of 2289200?
True
Is 487 a factor of 435520204?
True
Is 131 a factor of 12110557?
True
Does 4 divide 32672880?
True
Is 142772313 a multiple of 76?
False
Does 105 divide 14142348?
False
Does 774 divide 165500550?
True
Is 1358 a factor of 39096844?
False
Is 196 a factor of 796151804?
True
Is 421 a factor of 90513737?
True
Does 1982 divide 4968874?
True
Is 12 a factor of 500072364?
True
Is 26304478 a multiple of 11?
False
Does 18 divide 250672734?
True
Does 41 divide 29885925?
True
Is 508443244 a multiple of 157?
True
Does 1471 divide 2095173763?
False
Is 597398187 a multiple of 59?
True
Does 45 divide 57069831?
False
Is 1569658 a multiple of 5?
False
Is 141962102 a multiple of 4?
False
Is 154075369 a multiple of 8?
False
Is 19 a factor of 121530953?
False
Does 470 divide 527774280?
True
Is 271276443 a multiple of 5877?
True
Does 14 divide 18517240?
True
Does 4 divide 76315068?
True
Is 996987925 a multiple of 25?
True
Does 131 divide 13817225?
True
Is 66 a factor of 157274436?
True
Does 9 divide 39709649?
False
Does 59 divide 141506639?
False
Is 65062940 a multiple of 366?
False
Is 2135 a factor of 1963245655?
True
Is 183 a factor of 25486593?
True
Does 252 divide 15654744?
True
Is 109095676 a multiple of 38?
False
Does 23 divide 61463189?
False
Does 23 divide 32970782?
False
Is 54330440 a multiple of 49?
False
Is 10 a factor of 9090400?
True
Is 141021101 a multiple of 1321?
False
Is 424695350 a multiple of 62?
True
Is 1385 a factor of 243294977?
False
Is 3 a factor of 207320940?
True
Does 64 divide 51837376?
True
Is 352368 a multiple of 24?
True
Does 909 divide 377118648?
True
Is 224739592 a multiple of 4114?
True
Does 8073 divide 1152904849?
False
Is 41648968 a multiple of 1420?
False
Is 91 a factor of 4800825?
False
Is 1799779536 a multiple of 9?
True
Is 2180160812 a multiple of 17?
False
Does 742 divide 109851616?
True
Does 5 divide 6605455?
True
Is 37873983 a multiple of 21?
True
Does 12 divide 27020364?
True
Is 3197 a factor of 935371721?
False
Is 24 a factor of 241016615?
False
Is 2504 a factor of 793154520?
True
Does 271 divide 350178341?
True
Is 21 a factor of 11831968?
False
Does 105 divide 18112213?
False
Does 72 divide 288064312?
False
Is 224 a factor of 201475008?
True
Is 25 a factor of 17515600?
True
Does 22 divide 5338234?
True
Does 2050 divide 63711950?
True
Is 144 a factor of 31459104?
True
Does 15 divide 130243500?
True
Does 30 divide 11871540?
True
Is 2119 a factor of 34619845?
False
Is 93 a factor of 1587228117?
True
Is 2173022581 a multiple of 61?
True
Is 15776362 a multiple of 20?
False
Is 4967567 a multiple of 645?
False
Is 44845584 a multiple of 56?
True
Is 2299499235 a multiple of 15?
True
Is 94 a factor of 68841025?
False
Is 186 a factor of 592686954?
True
Is 1578 a factor of 37201350?
True
Is 1135 a factor of 88098553?
False
Is 18 a factor of 9139392?
True
Is 40118671 a multiple of 46?
False
Is 2779 a factor of 9501401?
True
Is 7 a factor of 34802264?
True
Is 33 a factor of 1123572896?
False
Is 478649574 a multiple of 18?
True
Is 2 a factor of 4477996?
True
Is 14813568 a multiple of 12?
True
Is 1805 a factor of 79120271?
False
Is 1117813294 a multiple of 667?
True
Is 49956196 a multiple of 232?
False
Is 138517420 a multiple of 7?
False
Does 2293 divide 342754751?
False
Is 7 a factor of 426738060?
True
Is 13 a factor of 665753218?
True
Does 3083 divide 53490050?
True
Is 900654 a multiple of 222?
True
Is 88702525 a multiple of 24?
False
Does 9 divide 75958128?
True
Is 267 a factor of 139959798?
True
Does 926 divide 2343910646?
True
Does 1609 divide 1927653376?
False
Is 7542186150 a multiple of 19850?
True
Is 1099 a factor of 3619860665?
False
Is 867 a factor of 1319335575?
True
Does 3 divide 902907621?
True
Is 478 a factor of 217707012?
True
Is 29 a factor of 60070376?
False
Is 67 a factor of 386624639?
True
Does 7 divide 159526961?
False
Is 5 a factor of 83188060?
True
Is 71414421 a multiple of 13?
True
Is 361 a factor of 1214578002?
True
Is 108545054 a multiple of 178?
False
Does 11 divide 23819325?
False
Is 113802359 a multiple of 11?
True
Is 7044748 a multiple of 339?
False
Does 1576 divide 1139510450?
False
Does 13 divide 213297437?
False
Is 889798860 a multiple of 829?
True
Is 1845049902 a multiple of 5880?
False
Is 8951664 a multiple of 48?
True
Does 42 divide 20479074?
True
Is 85 a factor of 189659310?
True
Does 707 divide 720731354?
True
Is 282 a factor of 109968720?
True
Is 29968864 a multiple of 104?
False
Is 2515763397 a multiple of 99?
False
Is 3 a factor of 2614968?
True
Is 35288352 a multiple of 3476?
True
Does 9 divide 799274737?
False
Does 660 divide 132664916?
False
Is 88698653 a multiple of 59?
True
Does 19 divide 115548994?
True
Is 1004 a factor of 51208646?
False
Does 516 divide 1466988?
True
Is 534 a factor of 83130984?
True
Is 771036436 a multiple of 420?
False
Is 229331894 a multiple of 5654?
True
Is 82124224 a multiple of 52?
True
Is 12 a factor of 24633423?
False
Is 4238 a factor of 425111576?
False
Is 13822390 a multiple of 15?
False
Is 80024448 a multiple of 84?
True
Is 69734600 a multipl